 are the prime factors of (-105040)/(-312)*3/(-4)*-2?
5, 101
Suppose 4*y - 94 + 318 = 0. Let r = y + 59. Suppose 2*h - 466 = -r*q + 74, -2 = q. What are the prime factors of h?
3, 7, 13
Let z(x) = 28*x + 25 + 30*x + 98*x. List the prime factors of z(6).
31
Let j(l) = 3*l**2 + 66*l + 2041. What are the prime factors of j(-93)?
2, 5, 19, 23
Suppose 5*z - 35 = -n + 6, 85 = 5*n + z. Suppose 5*w = 2*w - 15, -4*p - n = -4*w. Let k(u) = u**2 + 5*u + 9. What are the prime factors of k(p)?
3, 5
Let u(j) = j**3 + 24*j**2 + 34*j + 35. Let d be u(-17). Suppose -15*p + 4510 = d. What are the prime factors of p?
2, 101
Suppose -9*c - 1729 = 10*c. Let u = c + 171. What are the prime factors of u?
2, 5
Suppose 0 = 2*h - 3*k + k - 16604, -16629 = -2*h - 3*k. List the prime factors of h.
3, 13, 71
Suppose -3*b + 20 - 8 = -2*w, -5*w - 16 = -4*b. Suppose w = -v - 5*v + 1848. List the prime factors of v.
2, 7, 11
Let o = 530 + -518. List the prime factors of (o/18)/((-5)/(-6915)).
2, 461
Let m be ((-374)/3)/((-8)/96). Suppose -2*p = -5*b - 6*p + 2465, -3*b = -p - m. List the prime factors of b.
7, 71
Let k(g) = -9*g**3 + 14*g**2 + 52*g + 45. What are the prime factors of k(-6)?
3, 727
List the prime factors of ((-15233)/(-7))/(6/42).
15233
Let f = -4312 + 4287. Suppose j + 0*j - 73 = 0. Let z = f + j. List the prime factors of z.
2, 3
Let v = 15 - 13. Suppose 3*j - 4017 = -2*j + v*z, -5*z + 4010 = 5*j. What are the prime factors of j?
11, 73
Let i(f) = 20*f - 256. Let g be i(14). List the prime factors of (160 + 2)/(g/108).
3
Let h = 54970 - 19699. What are the prime factors of h?
3, 3919
Let c be (-88)/(-22)*18/8. List the prime factors of 3/c - 5109/(-9).
2, 71
Let h(m) = m**3 - 47*m**2 + 93*m - 63. Let c be h(45). Suppose 2*f = -2*f + 280. Let w = c + f. What are the prime factors of w?
2, 71
List the prime factors of (-3782)/(((6 - 3)/15)/(90/(-150))).
2, 3, 31, 61
Let g(y) = -5*y + 10. Let v(r) = -6*r + 10. Let b(u) = 4*g(u) - 5*v(u). List the prime factors of b(14).
2, 5, 13
Suppose -2*v = -s - 8, 0*v + 4*v - 4*s = 24. Let b be 10/5 + v/(-1). Suppose z + 3*o = 69, 2*z - 2*o - 140 - 38 = b. List the prime factors of z.
2, 3, 7
Let f be (8 + -1)*-1*-1. Let v(i) = -3*i**2 - 38*i - 2. Let r(d) = -2*d**2 - 31*d - 2. Let u(j) = -4*r(j) + 3*v(j). What are the prime factors of u(f)?
23
Let g = 198 + -200. What are the prime factors of (3 + 9/g)/(15/(-3890))?
389
Let l be ((-370)/(-40) - 10) + (-60109)/4. What are the prime factors of l/(-10) + (-8 + 20)/60?
3, 167
Let o(u) = u**3 + 32*u**2 + 92*u - 40. Let q be o(-28). Let i = q - 23. What are the prime factors of i?
7, 71
Let s(w) be the third derivative of -w**6/60 - 23*w**5/60 - 35*w**4/24 - w**3/6 - 10*w**2 - 1. List the prime factors of s(-10).
7
Let n be 1 - -27 - (3 - 2)*1. Suppose -n + 36 = 3*j. Suppose -j*y = -44 - 496. List the prime factors of y.
2, 3, 5
Let d(q) = -q**2 + 3*q + 6. Let s be d(-8). Let c(k) = 10*k - 156. Let p be c(26). Let u = s + p. What are the prime factors of u?
2, 11
Let m = 12955 + -7356. List the prime factors of m.
11, 509
Let p(k) = 396*k - 65. Let a be p(-3). Let u = a - -2218. List the prime factors of u.
5, 193
Let i(u) be the first derivative of -u**4/4 - 20*u**3/3 - 39*u**2/2 + 4*u + 3. What are the prime factors of i(-21)?
2, 79
List the prime factors of (-6866)/(-2) + (-4)/((-8)/10).
2, 3, 191
Suppose 0*z + 66280 + 30776 = 16*z. List the prime factors of z.
2, 3, 337
Let k = -7729 - -9100. List the prime factors of k.
3, 457
Suppose -46*q - 3952 = -50*q. Suppose -2*i = -150 - q. What are the prime factors of i?
569
Let f(z) = 5*z**3 - 5*z**2 - 2*z + 4. Let l be f(-3). Let a(y) = -82*y**3 - 2*y**2 - y + 2. Let r be a(1). Let g = r - l. What are the prime factors of g?
3, 29
Suppose -7*l = -4*l - 3*n - 2427, -2431 = -3*l - n. What are the prime factors of l/(6/12*4)?
3, 5
Suppose -4*o + 7 = -3*b + 16, -4*b - 13 = 3*o. Let w(j) = -3 + 19*j - 57*j - 3. List the prime factors of w(b).
2
Let n be (1 - -3 - 4) + 6. List the prime factors of -6 - -1 - (-1021 + n + 0).
2, 5, 101
Let p be 14 - ((-24)/8)/(3 + -4). Let c(w) = -1. Let n(b) = b**2 + 19*b - 39. Let d(z) = -2*c(z) + n(z). List the prime factors of d(p).
293
Let p(z) = -845*z + 848. List the prime factors of p(-15).
13523
What are the prime factors of 891945/30 + 15/30?
2, 7433
Suppose 6 = 4*r + 2. Let l(y) = 1918*y**3 + y - 1. Let n be l(r). Suppose 16*g = 2*g + n. List the prime factors of g.
137
Let m = -391 - -393. Suppose 5*j = 2*c - 1122, -m*c + 6*c - j - 2262 = 0. List the prime factors of c.
2, 283
Let b = -260 + 257. What are the prime factors of b/(-6) - (-3)/(-6)*-101?
3, 17
Let a(h) = h**3 + 25*h**2 + 14*h - 100. Suppose 11*p - 86 = -350. What are the prime factors of a(p)?
2, 5, 7
Suppose -18 = 5*h - 33. Let w be (-30)/(-5)*h/9. Suppose -w*u + 158 = 2*u + 3*g, 160 = 4*u + 4*g. List the prime factors of u.
2, 19
Let t(v) be the first derivative of -v**2 - 6*v + 20. Let h be t(-5). What are the prime factors of (h/(-3))/(-4 + (-191)/(-48))?
2
Let v(n) = -3*n + 50. Let j = -35 - -51. Let w be v(j). Suppose 4*k - w*k - 5*y - 347 = 0, 5*k = -3*y + 821. List the prime factors of k.
2, 83
Let i(w) = 1242*w + 1910. List the prime factors of i(6).
2, 31, 151
Suppose -y + 0*y = -2*g + 5384, g - 2*y = 2689. What are the prime factors of g?
2693
Suppose 111*t = -t + 975951 + 9484065. List the prime factors of t.
3, 1153
Let k be 17/4 + (-12)/(-16). Suppose -2*v - 2 = 4*y - 4, -5*v - 5 = k*y. Suppose 3*d + 4*r - 174 = r, -y*d = -5*r - 144. What are the prime factors of d?
2, 31
Let s(w) = 10915*w + 604. What are the prime factors of s(4)?
2, 11, 503
Suppose -2*f + 3*u = -21942 - 32714, 3*u = -4*f + 109240. List the prime factors of f.
2, 6829
Let w be (56/6)/((-6958)/(-630) - 11). Let o = w + 375. What are the prime factors of o?
3, 5, 13
Let h(i) = 4608*i**2 + 6*i + 7. List the prime factors of h(-1).
11, 419
Suppose 4*x = -w - 7, -4*w - 10 - 5 = 3*x. List the prime factors of x*(-1)/1*3962/14.
283
Let y(g) = 5*g**2 + 8*g - 15. Let p be y(6). Let w = -31 + p. What are the prime factors of w?
2, 7, 13
Let g(h) = 11*h**2 + 4*h - 1339. List the prime factors of g(48).
24197
Suppose -12*a - 57802 + 200845 + 150081 = 0. What are the prime factors of a?
13, 1879
Let h(b) = -b**3 - 73*b**2 - 110*b - 255. List the prime factors of h(-77).
37, 863
Suppose -12*z = -39*z + 303210. What are the prime factors of z?
2, 5, 1123
Suppose 0 = 3*u + 3*r + 4317, -5762 = 4*u - 5*r + 7*r. Let s = 2139 + u. What are the prime factors of s?
17, 41
Suppose -3*g - 28186 = -6*d + 2*d, 35204 = 5*d + g. List the prime factors of d.
2, 7, 503
Suppose 277*c = 3839647 + 2721375. What are the prime factors of c?
2, 13, 911
Let t(g) = -g**3 + 65*g**2 + 32*g - 531. List the prime factors of t(62).
5, 7, 53
Let s(m) = -158*m + 69. Let d be s(5). List the prime factors of (d/3 + -1)/((-54)/81).
2, 181
Suppose 102 = 5*f + 4*x, -4*x + x = -4*f + 94. Let s = f - 47. Let h = s + 81. List the prime factors of h.
2, 7
Let u = 40 + -36. Let r be (-6)/u*(-5 + -1). Suppose -448 = r*n - 11*n. What are the prime factors of n?
2, 7
Let v(c) = -23*c - 1731. List the prime factors of v(-88).
293
Let w = -4188 - -6062. List the prime factors of w.
2, 937
Let l = -478 + 1256. Let b = 1519 - l. What are the prime factors of b?
3, 13, 19
Let t(d) = -2*d**2 - 12*d. Let u be t(-6). Let m be u*((-52)/(-12) + -4). What are the prime factors of 29 + m/(3 - 5)?
29
Let a be 9/2*(-4)/(-6). Suppose 2*s + a*s = 8*s. Suppose s = -2*l + 2*g + g + 268, -6 = -3*g. List the prime factors of l.
137
Let p = -53817 + 99474. What are the prime factors of p?
3, 19, 89
Suppose -67*b + 85*b - 71128 = 142640. What are the prime factors of b?
2, 2969
Let m(h) = h**2 + 111*h - 339. What are the prime factors of m(94)?
11, 1721
Suppose 98*c - 105*c - 889 = 0. Suppose 2*u - 557 = n, -3*u + 3*n + 832 = -2*n. Let x = c + u. What are the prime factors of x?
2, 19
Let q = 564 - 324. Suppose 37*p = 40*p - q. What are the prime factors of p?
2, 5
Let s(i) = -66*i**2 + i + 35858. What are the prime factors of s(0)?
2, 17929
Let k(d) = 23*d**2 + 36*d - 362. What are the prime factors of k(37)?
3, 31, 349
Suppose -88176 = -16*n + 2960. List the prime factors of n.
2, 89
Let w be 115/(-46)*(-24)/10. Suppose